ate the greatest common divisor of 46 and 5911.
23
Calculate the highest common factor of 656 and 24.
8
What is the greatest common divisor of 99 and 15?
3
What is the greatest common factor of 40 and 290?
10
What is the highest common divisor of 7 and 581?
7
Calculate the greatest common divisor of 544 and 24.
8
Calculate the greatest common divisor of 30 and 40.
10
Calculate the highest common divisor of 111 and 21.
3
Calculate the highest common factor of 11950 and 150.
50
What is the greatest common factor of 530 and 5194?
106
Calculate the highest common factor of 80 and 452.
4
Calculate the greatest common factor of 25 and 100.
25
Calculate the highest common factor of 1276 and 44.
44
Calculate the greatest common divisor of 147 and 42.
21
What is the highest common divisor of 1333 and 129?
43
What is the highest common factor of 805 and 70?
35
What is the highest common factor of 707 and 2222?
101
Calculate the greatest common divisor of 312 and 195.
39
What is the greatest common factor of 954 and 9?
9
What is the greatest common divisor of 10 and 3?
1
What is the highest common divisor of 176 and 22088?
88
Calculate the highest common factor of 34952 and 34.
34
Calculate the highest common factor of 60 and 444.
12
What is the highest common divisor of 236 and 177?
59
Calculate the greatest common divisor of 115 and 45.
5
What is the highest common divisor of 666 and 54?
18
Calculate the greatest common factor of 1072 and 16.
16
Calculate the greatest common divisor of 1048 and 8.
8
What is the highest common divisor of 2335 and 135?
5
Calculate the greatest common divisor of 140 and 260.
20
Calculate the greatest common divisor of 640 and 45.
5
What is the greatest common divisor of 350 and 150?
50
Calculate the greatest common factor of 360 and 50.
10
Calculate the highest common divisor of 105 and 280.
35
Calculate the highest common factor of 245 and 1330.
35
What is the greatest common factor of 22160 and 48?
16
What is the greatest common factor of 640 and 240?
80
What is the highest common factor of 248 and 2077?
31
Calculate the greatest common factor of 8 and 54088.
8
What is the greatest common factor of 1566 and 551?
29
What is the greatest common divisor of 1275 and 150?
75
What is the highest common factor of 1155 and 15?
15
What is the highest common factor of 12 and 15?
3
Calculate the highest common divisor of 450 and 36.
18
What is the highest common factor of 345 and 1840?
115
Calculate the highest common factor of 49 and 56.
7
Calculate the greatest common divisor of 285 and 45.
15
Calculate the greatest common factor of 126 and 168.
42
What is the greatest common divisor of 280 and 4312?
56
Calculate the highest common factor of 189 and 9.
9
Calculate the highest common factor of 90 and 18.
18
What is the greatest common factor of 20538 and 126?
126
Calculate the greatest common divisor of 144 and 117.
9
What is the greatest common divisor of 345 and 1495?
115
Calculate the highest common divisor of 190 and 10.
10
What is the highest common factor of 1771 and 483?
161
Calculate the highest common divisor of 35 and 168.
7
What is the greatest common divisor of 81 and 189?
27
What is the greatest common divisor of 336 and 2240?
112
What is the greatest common divisor of 1260 and 378?
126
Calculate the greatest common divisor of 3681 and 171.
9
Calculate the highest common factor of 70 and 970.
10
What is the greatest common factor of 63 and 175?
7
Calculate the highest common divisor of 63 and 609.
21
Calculate the highest common divisor of 245 and 343.
49
Calculate the highest common factor of 72 and 440.
8
What is the highest common divisor of 7 and 826?
7
Calculate the highest common divisor of 777 and 63.
21
What is the greatest common divisor of 40 and 1080?
40
What is the highest common factor of 99 and 7029?
99
What is the greatest common factor of 364 and 140?
28
What is the highest common divisor of 210 and 84?
42
Calculate the highest common factor of 3 and 543.
3
What is the highest common divisor of 1 and 672?
1
Calculate the highest common divisor of 719 and 1.
1
What is the greatest common divisor of 390 and 182?
26
What is the greatest common factor of 28 and 70?
14
What is the greatest common factor of 1037 and 714?
17
Calculate the greatest common factor of 261 and 1073.
29
What is the greatest common factor of 63 and 297?
9
What is the highest common factor of 20 and 640?
20
What is the highest common divisor of 52 and 16?
4
Calculate the greatest common factor of 44 and 154.
22
What is the greatest common factor of 493 and 58?
29
What is the greatest common divisor of 14 and 434?
14
Calculate the greatest common factor of 400 and 50.
50
Calculate the highest common divisor of 290 and 170.
10
Calculate the highest common factor of 221 and 299.
13
What is the highest common divisor of 179 and 99703?
179
Calculate the greatest common divisor of 5752 and 8.
8
What is the highest common factor of 122 and 15067?
61
Calculate the greatest common divisor of 7356 and 24.
12
Calculate the highest common divisor of 2862 and 81.
27
Calculate the greatest common factor of 88 and 99.
11
Calculate the greatest common divisor of 210 and 135.
15
What is the highest common divisor of 40 and 15?
5
Calculate the highest common factor of 175 and 100.
25
Calculate the greatest common divisor of 1245 and 15.
15
Calculate the highest common divisor of 26 and 8.
2
What is the greatest common factor of 10 and 5620?
10
What is the highest common factor of 76 and 532?
76
Calculate the highest common divisor of 68913 and 279.
279
Calculate the highest common divisor of 11999 and 142.
71
Calculate the greatest common divisor of 7875 and 405.
45
What is the greatest common divisor of 52 and 104?
52
What is the greatest common factor of 136 and 4369?
17
Calculate the greatest common factor of 53 and 39803.
53
What is the greatest common divisor of 212 and 4?
4
What is the highest common divisor of 3609 and 9?
9
What is the highest common divisor of 36 and 38898?
18
Calculate the greatest common divisor of 38 and 2242.
38
Calculate the highest common divisor of 5 and 235.
5
What is the highest common factor of 2600 and 1170?
130
What is the highest common factor of 9 and 576?
9
Calculate the greatest common factor of 2657 and 4.
1
Calculate the greatest common divisor of 70 and 120.
10
What is the greatest common divisor of 945 and 105?
105
What is the greatest common factor of 58 and 5191?
29
What is the highest common divisor of 1052 and 4?
4
What is the greatest common factor of 2 and 61?
1
What is the greatest common divisor of 27 and 36?
9
Calculate the greatest common divisor of 3 and 23.
1
What is the highest common divisor of 56 and 868?
28
What is the greatest common factor of 936 and 144?
72
What is the highest common divisor of 30 and 24630?
30
What is the highest common divisor of 116 and 3074?
58
Calculate the greatest common factor of 21 and 861.
21
Calculate the highest common divisor of 22 and 66.
22
What is the greatest common divisor of 21 and 60?
3
Calculate the highest common factor of 5781 and 615.
123
What is the greatest common factor of 752 and 224?
16
Calculate the greatest common factor of 109 and 18.
1
Calculate the greatest common factor of 9 and 180.
9
Calculate the greatest common divisor of 12706 and 2.
2
What is the highest common factor of 5232 and 144?
48
What is the greatest common factor of 115 and 25?
5
What is the highest common factor of 1616 and 303?
101
What is the highest common factor of 120 and 25?
5
What is the highest common factor of 16 and 13736?
8
What is the greatest common divisor of 3439 and 133?
19
What is the highest common divisor of 16 and 7?
1
What is the highest common factor of 406 and 232?
58
What is the greatest common divisor of 25 and 5275?
25
Calculate the greatest common factor of 615 and 60.
15
What is the highest common divisor of 540 and 24?
12
What is the greatest common factor of 4199 and 221?
221
What is the highest common factor of 30051 and 9?
9
What is the greatest common factor of 402 and 5494?
134
Calculate the highest common divisor of 4046 and 14.
14
What is the highest common divisor of 99 and 9?
9
Calculate the greatest common factor of 156 and 117